{"id":3660,"date":"2026-01-17T14:39:44","date_gmt":"2026-01-17T14:39:44","guid":{"rendered":"https:\/\/he-stil.de\/?page_id=3660"},"modified":"2026-04-10T07:15:06","modified_gmt":"2026-04-10T07:15:06","slug":"2026-03","status":"publish","type":"page","link":"https:\/\/he-stil.de\/?page_id=3660","title":{"rendered":"2026.03 Form 64"},"content":{"rendered":"\t\t<div data-elementor-type=\"wp-page\" data-elementor-id=\"3660\" class=\"elementor elementor-3660\" data-elementor-post-type=\"page\">\n\t\t\t\t<div class=\"elementor-element elementor-element-f18a5ba e-flex e-con-boxed e-con e-parent\" data-id=\"f18a5ba\" data-element_type=\"container\" data-e-type=\"container\">\n\t\t\t\t\t<div class=\"e-con-inner\">\n\t\t\t\t<div class=\"elementor-element elementor-element-7c3ab2d elementor-widget elementor-widget-heading\" data-id=\"7c3ab2d\" data-element_type=\"widget\" data-e-type=\"widget\" data-widget_type=\"heading.default\">\n\t\t\t\t<div class=\"elementor-widget-container\">\n\t\t\t\t\t<h2 class=\"elementor-heading-title elementor-size-default\">M\u00e4rz 2026<\/h2>\t\t\t\t<\/div>\n\t\t\t\t<\/div>\n\t\t\t\t\t<\/div>\n\t\t\t\t<\/div>\n\t\t<div class=\"elementor-element elementor-element-1703c95 e-flex e-con-boxed e-con e-parent\" data-id=\"1703c95\" data-element_type=\"container\" data-e-type=\"container\">\n\t\t\t\t\t<div class=\"e-con-inner\">\n\t\t\t\t<div class=\"elementor-element elementor-element-2cdcf50 elementor-widget elementor-widget-heading\" data-id=\"2cdcf50\" data-element_type=\"widget\" data-e-type=\"widget\" data-widget_type=\"heading.default\">\n\t\t\t\t<div class=\"elementor-widget-container\">\n\t\t\t\t\t<h2 class=\"elementor-heading-title elementor-size-default\">Lehrgang zur Wettkampf-Routine des He-Stils Taijiquan (64-er Form)<\/h2>\t\t\t\t<\/div>\n\t\t\t\t<\/div>\n\t\t\t\t<div class=\"elementor-element elementor-element-126fe03 elementor-widget elementor-widget-image\" data-id=\"126fe03\" data-element_type=\"widget\" data-e-type=\"widget\" data-widget_type=\"image.default\">\n\t\t\t\t<div class=\"elementor-widget-container\">\n\t\t\t\t\t\t\t\t\t\t\t\t\t\t\t<img fetchpriority=\"high\" decoding=\"async\" width=\"1024\" height=\"205\" src=\"https:\/\/he-stil.de\/wp-content\/uploads\/2026\/01\/Deutsche-Wushu-Header-1024x205.jpg\" class=\"attachment-large size-large wp-image-3666\" alt=\"\" srcset=\"https:\/\/he-stil.de\/wp-content\/uploads\/2026\/01\/Deutsche-Wushu-Header-1024x205.jpg 1024w, https:\/\/he-stil.de\/wp-content\/uploads\/2026\/01\/Deutsche-Wushu-Header-300x60.jpg 300w, https:\/\/he-stil.de\/wp-content\/uploads\/2026\/01\/Deutsche-Wushu-Header-768x153.jpg 768w, https:\/\/he-stil.de\/wp-content\/uploads\/2026\/01\/Deutsche-Wushu-Header-1536x307.jpg 1536w, https:\/\/he-stil.de\/wp-content\/uploads\/2026\/01\/Deutsche-Wushu-Header-2048x409.jpg 2048w\" sizes=\"(max-width: 1024px) 100vw, 1024px\" \/>\t\t\t\t\t\t\t\t\t\t\t\t\t\t\t<\/div>\n\t\t\t\t<\/div>\n\t\t\t\t<div class=\"elementor-element elementor-element-8aabf12 elementor-widget elementor-widget-text-editor\" data-id=\"8aabf12\" data-element_type=\"widget\" data-e-type=\"widget\" data-widget_type=\"text-editor.default\">\n\t\t\t\t<div class=\"elementor-widget-container\">\n\t\t\t\t\t\t\t\t\t<p>Samstag, 14.03.2026:\u00a0 \u00a0 \u00a0 \u00a0 \u00a0 Anreise von 10:15 &#8211; 10:45 Uhr<br \/>\u00a0 \u00a0 \u00a0 \u00a0 \u00a0 \u00a0 \u00a0 \u00a0 \u00a0 \u00a0 \u00a0 \u00a0 \u00a0 \u00a0 \u00a0 \u00a0 \u00a0 \u00a0 \u00a0 \u00a0 \u00a0 \u00a0 \u00a0 Training von 11:00 &#8211; 17:00 Uhr<br \/><br \/>Sonntag, 15.03.2026:\u00a0 \u00a0 \u00a0 \u00a0 \u00a0 \u00a0Training von 10:00 &#8211; 16:00 Uhr<br \/><br \/>Veranstaltungsort:\u00a0 \u00a0 \u00a0 \u00a0 \u00a0 \u00a0 \u00a0 \u00a0 Stettener Stra\u00dfe 52, Rommelshausen, 71394 Kernen im Remstal<\/p>\t\t\t\t\t\t\t\t<\/div>\n\t\t\t\t<\/div>\n\t\t\t\t<div class=\"elementor-element elementor-element-1fe0765 elementor-widget elementor-widget-text-editor\" data-id=\"1fe0765\" data-element_type=\"widget\" data-e-type=\"widget\" data-widget_type=\"text-editor.default\">\n\t\t\t\t<div class=\"elementor-widget-container\">\n\t\t\t\t\t\t\t\t\t<p>Meldeschluss ist der 01.03.2026 (Ber\u00fccksichtigung der Teilnehmer nach Eingangsmeldung)<\/p>\t\t\t\t\t\t\t\t<\/div>\n\t\t\t\t<\/div>\n\t\t\t\t<div class=\"elementor-element elementor-element-f54af1d elementor-widget elementor-widget-text-editor\" data-id=\"f54af1d\" data-element_type=\"widget\" data-e-type=\"widget\" data-widget_type=\"text-editor.default\">\n\t\t\t\t<div class=\"elementor-widget-container\">\n\t\t\t\t\t\t\t\t\t<p>Leitung des Seminars: Li Lin<\/p>\t\t\t\t\t\t\t\t<\/div>\n\t\t\t\t<\/div>\n\t\t\t\t<div class=\"elementor-element elementor-element-70c161e elementor-widget elementor-widget-text-editor\" data-id=\"70c161e\" data-element_type=\"widget\" data-e-type=\"widget\" data-widget_type=\"text-editor.default\">\n\t\t\t\t<div class=\"elementor-widget-container\">\n\t\t\t\t\t\t\t\t\t<p>Zertifizierte Tr\u00e4gerin des immateriellen Kulturerbes &#8222;He-Stil Taijiquan&#8220; (China und Inhaberin des 6. Duan Meistergrades im chinesischen Wushu. Vorsitzende des Bundesverbandes f\u00fcr He-Stil Taiji Quan und harmonische Gesundheit e.V.<\/p>\t\t\t\t\t\t\t\t<\/div>\n\t\t\t\t<\/div>\n\t\t\t\t<div class=\"elementor-element elementor-element-e50cdb8 elementor-widget elementor-widget-text-editor\" data-id=\"e50cdb8\" data-element_type=\"widget\" data-e-type=\"widget\" data-widget_type=\"text-editor.default\">\n\t\t\t\t<div class=\"elementor-widget-container\">\n\t\t\t\t\t\t\t\t\t<p>Wer kann an dem Lehrgang teilnehmen ?<\/p>\t\t\t\t\t\t\t\t<\/div>\n\t\t\t\t<\/div>\n\t\t\t\t<div class=\"elementor-element elementor-element-b1c7261 elementor-widget elementor-widget-text-editor\" data-id=\"b1c7261\" data-element_type=\"widget\" data-e-type=\"widget\" data-widget_type=\"text-editor.default\">\n\t\t\t\t<div class=\"elementor-widget-container\">\n\t\t\t\t\t\t\t\t\t<p>1. Alle Sportler\/innen der DWF-Vereine, die Interesse an traditionellen Taiji-Stilen haben.<br \/>2. Aktive Wettkampfsportler, Trainer oder Teamleiter im Bereich traditioneller Kampfk\u00fcnste.<br \/>3. Trainer von Wushu- \/ Taijiquan-Vereinen, -Schulen, -Akademien oder universit\u00e4ren Gruppen.<\/p>\t\t\t\t\t\t\t\t<\/div>\n\t\t\t\t<\/div>\n\t\t\t\t<div class=\"elementor-element elementor-element-947928d elementor-widget elementor-widget-text-editor\" data-id=\"947928d\" data-element_type=\"widget\" data-e-type=\"widget\" data-widget_type=\"text-editor.default\">\n\t\t\t\t<div class=\"elementor-widget-container\">\n\t\t\t\t\t\t\t\t\t<p>Trainingsinhalt:<\/p>\t\t\t\t\t\t\t\t<\/div>\n\t\t\t\t<\/div>\n\t\t\t\t<div class=\"elementor-element elementor-element-cf69d1b elementor-widget elementor-widget-text-editor\" data-id=\"cf69d1b\" data-element_type=\"widget\" data-e-type=\"widget\" data-widget_type=\"text-editor.default\">\n\t\t\t\t<div class=\"elementor-widget-container\">\n\t\t\t\t\t\t\t\t\t<p>Basierend auf dem autoritativen Lehrsystem von Meister He Youlu (6.Generation) und seinem Expertenteam (unter Beteiligung der deutschen Vertreterin der 6.Generation, Li Lin), wurde die neue Wettkampf-Routine mit 64 Formen erfolgreich entwickelt und seit 2025 erstmals in China verbreitet.<br>Diese verbindet authentisches Kulturerbe mit modernen Wettkampfstandards und innovativer Didaktik. Deutschland wurde als erste Station f\u00fcr die internationale Verbreitung ausgew\u00e4hlt.<br>Die Schulung verfolgt ein vierdimensionales Konzept (Theorie &#8211; Technik &#8211; Unterrichtsmethodik &#8211; Praxis), um die professionellen F\u00e4higkeiten und die Wettbewerbsf\u00e4higkeit der Teilnehmer umfassende zu f\u00f6rdern.<\/p>\t\t\t\t\t\t\t\t<\/div>\n\t\t\t\t<\/div>\n\t\t\t\t<div class=\"elementor-element elementor-element-b05b68e elementor-widget elementor-widget-text-editor\" data-id=\"b05b68e\" data-element_type=\"widget\" data-e-type=\"widget\" data-widget_type=\"text-editor.default\">\n\t\t\t\t<div class=\"elementor-widget-container\">\n\t\t\t\t\t\t\t\t\t<p>Schulungsstruktur:<\/p>\t\t\t\t\t\t\t\t<\/div>\n\t\t\t\t<\/div>\n\t\t\t\t<div class=\"elementor-element elementor-element-97f8a45 elementor-widget elementor-widget-text-editor\" data-id=\"97f8a45\" data-element_type=\"widget\" data-e-type=\"widget\" data-widget_type=\"text-editor.default\">\n\t\t\t\t<div class=\"elementor-widget-container\">\n\t\t\t\t\t\t\t\t\t<p>Die vollst\u00e4ndige Ausbildung zu den 64 Formen erfolgt in 3 Phasen:<br \/>&#8211; Phase 1 + 2: Systematischer Aufbau der 64 Formen inlusive theoretischer Grundlagen.<br \/>&#8211; Phase 3 (geplant): Vertiefung und Feinabstimmung unter Anleitung des Gro\u00dfmeisters He Youlu (vorbehaltlich Verf\u00fcgbarkeit), mit<br \/>\u00a0 \u00a0abschlie\u00dfender Pr\u00fcfungsm\u00f6glichkeit.<\/p>\t\t\t\t\t\t\t\t<\/div>\n\t\t\t\t<\/div>\n\t\t\t\t<div class=\"elementor-element elementor-element-c8c8ed2 elementor-widget elementor-widget-text-editor\" data-id=\"c8c8ed2\" data-element_type=\"widget\" data-e-type=\"widget\" data-widget_type=\"text-editor.default\">\n\t\t\t\t<div class=\"elementor-widget-container\">\n\t\t\t\t\t\t\t\t\t<p>Zertifizierung:<\/p>\t\t\t\t\t\t\t\t<\/div>\n\t\t\t\t<\/div>\n\t\t\t\t<div class=\"elementor-element elementor-element-939f359 elementor-widget elementor-widget-text-editor\" data-id=\"939f359\" data-element_type=\"widget\" data-e-type=\"widget\" data-widget_type=\"text-editor.default\">\n\t\t\t\t<div class=\"elementor-widget-container\">\n\t\t\t\t\t\t\t\t\t<p>Teilnehmer(innen, welche die gesamte Schulung absolvieren, erhalten nach erfolgreich bestandener Pr\u00fcfung ein offizielles Teilnahmezertifikat des Bundesverbandes f\u00fcr Taiji Quan und harmonischer Gesundheit e.V.<\/p>\t\t\t\t\t\t\t\t<\/div>\n\t\t\t\t<\/div>\n\t\t\t\t<div class=\"elementor-element elementor-element-50159ee elementor-widget elementor-widget-text-editor\" data-id=\"50159ee\" data-element_type=\"widget\" data-e-type=\"widget\" data-widget_type=\"text-editor.default\">\n\t\t\t\t<div class=\"elementor-widget-container\">\n\t\t\t\t\t\t\t\t\t<p>Kosten + Anmeldung:<\/p>\t\t\t\t\t\t\t\t<\/div>\n\t\t\t\t<\/div>\n\t\t\t\t<div class=\"elementor-element elementor-element-31a97d4 elementor-widget elementor-widget-text-editor\" data-id=\"31a97d4\" data-element_type=\"widget\" data-e-type=\"widget\" data-widget_type=\"text-editor.default\">\n\t\t\t\t<div class=\"elementor-widget-container\">\n\t\t\t\t\t\t\t\t\t<p>50,&#8211; \u20ac f\u00fcr Mitglieder der DWF mit g\u00fcltigem Ausweis<br \/>80,&#8211; \u20ac f\u00fcr Nichtmitglieder<br \/>Die Preise verstehen sich inkl. der gesetzlichen Mehrwertsteuer, sowie f\u00fcr das gesamte Seminar.<br \/>Kosten f\u00fcr An-\/R\u00fcckreisen, Verpflegung und \u00dcbernachtung sind von den Teilnehmern zu tragen.<br \/>F\u00fcr eine verbindliche Anmeldung wenden Sie sich bitte per E-Mail oder telefonisch an die Deutsche Wushu Federation e.V. in Moers (siehe Header).<\/p>\t\t\t\t\t\t\t\t<\/div>\n\t\t\t\t<\/div>\n\t\t\t\t<div class=\"elementor-element elementor-element-a0ef723 elementor-widget elementor-widget-text-editor\" data-id=\"a0ef723\" data-element_type=\"widget\" data-e-type=\"widget\" data-widget_type=\"text-editor.default\">\n\t\t\t\t<div class=\"elementor-widget-container\">\n\t\t\t\t\t\t\t\t\t<p>Info vor Ort:<\/p>\t\t\t\t\t\t\t\t<\/div>\n\t\t\t\t<\/div>\n\t\t\t\t<div class=\"elementor-element elementor-element-7a0b97c elementor-widget elementor-widget-text-editor\" data-id=\"7a0b97c\" data-element_type=\"widget\" data-e-type=\"widget\" data-widget_type=\"text-editor.default\">\n\t\t\t\t<div class=\"elementor-widget-container\">\n\t\t\t\t\t\t\t\t\t<p>durch Meisterin Li Lin, E-Mail: vorstand@he-stil.de, Mobil: 0176 &#8211; 22 09 12 05<\/p>\t\t\t\t\t\t\t\t<\/div>\n\t\t\t\t<\/div>\n\t\t\t\t<div class=\"elementor-element elementor-element-f4d74d3 elementor-widget-divider--view-line elementor-widget elementor-widget-divider\" data-id=\"f4d74d3\" data-element_type=\"widget\" data-e-type=\"widget\" data-widget_type=\"divider.default\">\n\t\t\t\t<div class=\"elementor-widget-container\">\n\t\t\t\t\t\t\t<div class=\"elementor-divider\">\n\t\t\t<span class=\"elementor-divider-separator\">\n\t\t\t\t\t\t<\/span>\n\t\t<\/div>\n\t\t\t\t\t\t<\/div>\n\t\t\t\t<\/div>\n\t\t\t\t\t<\/div>\n\t\t\t\t<\/div>\n\t\t\t\t<\/div>\n\t\t","protected":false},"excerpt":{"rendered":"<p>M\u00e4rz 2026 Lehrgang zur Wettkampf-Routine des He-Stils Taijiquan (64-er Form) Samstag, 14.03.2026:\u00a0 \u00a0 \u00a0 \u00a0 \u00a0 Anreise von 10:15 &#8211; 10:45 Uhr\u00a0 \u00a0 \u00a0 \u00a0 \u00a0 \u00a0 \u00a0 \u00a0 \u00a0 \u00a0 \u00a0 \u00a0 \u00a0 \u00a0 \u00a0 \u00a0 \u00a0 \u00a0 \u00a0 \u00a0 \u00a0 \u00a0 \u00a0 Training von 11:00 &#8211; 17:00 Uhr Sonntag, 15.03.2026:\u00a0 \u00a0 \u00a0 \u00a0 [&hellip;]<\/p>\n","protected":false},"author":1,"featured_media":0,"parent":0,"menu_order":0,"comment_status":"closed","ping_status":"closed","template":"","meta":{"ocean_post_layout":"full-screen","ocean_both_sidebars_style":"","ocean_both_sidebars_content_width":0,"ocean_both_sidebars_sidebars_width":0,"ocean_sidebar":"","ocean_second_sidebar":"","ocean_disable_margins":"enable","ocean_add_body_class":"","ocean_shortcode_before_top_bar":"","ocean_shortcode_after_top_bar":"","ocean_shortcode_before_header":"","ocean_shortcode_after_header":"","ocean_has_shortcode":"","ocean_shortcode_after_title":"","ocean_shortcode_before_footer_widgets":"","ocean_shortcode_after_footer_widgets":"","ocean_shortcode_before_footer_bottom":"","ocean_shortcode_after_footer_bottom":"","ocean_display_top_bar":"off","ocean_display_header":"default","ocean_header_style":"","ocean_center_header_left_menu":"","ocean_custom_header_template":"","ocean_custom_logo":0,"ocean_custom_retina_logo":0,"ocean_custom_logo_max_width":0,"ocean_custom_logo_tablet_max_width":0,"ocean_custom_logo_mobile_max_width":0,"ocean_custom_logo_max_height":0,"ocean_custom_logo_tablet_max_height":0,"ocean_custom_logo_mobile_max_height":0,"ocean_header_custom_menu":"","ocean_menu_typo_font_family":"","ocean_menu_typo_font_subset":"","ocean_menu_typo_font_size":0,"ocean_menu_typo_font_size_tablet":0,"ocean_menu_typo_font_size_mobile":0,"ocean_menu_typo_font_size_unit":"px","ocean_menu_typo_font_weight":"","ocean_menu_typo_font_weight_tablet":"","ocean_menu_typo_font_weight_mobile":"","ocean_menu_typo_transform":"","ocean_menu_typo_transform_tablet":"","ocean_menu_typo_transform_mobile":"","ocean_menu_typo_line_height":0,"ocean_menu_typo_line_height_tablet":0,"ocean_menu_typo_line_height_mobile":0,"ocean_menu_typo_line_height_unit":"","ocean_menu_typo_spacing":0,"ocean_menu_typo_spacing_tablet":0,"ocean_menu_typo_spacing_mobile":0,"ocean_menu_typo_spacing_unit":"","ocean_menu_link_color":"","ocean_menu_link_color_hover":"","ocean_menu_link_color_active":"","ocean_menu_link_background":"","ocean_menu_link_hover_background":"","ocean_menu_link_active_background":"","ocean_menu_social_links_bg":"","ocean_menu_social_hover_links_bg":"","ocean_menu_social_links_color":"","ocean_menu_social_hover_links_color":"","ocean_disable_title":"on","ocean_disable_heading":"default","ocean_post_title":"","ocean_post_subheading":"","ocean_post_title_style":"","ocean_post_title_background_color":"","ocean_post_title_background":0,"ocean_post_title_bg_image_position":"","ocean_post_title_bg_image_attachment":"","ocean_post_title_bg_image_repeat":"","ocean_post_title_bg_image_size":"","ocean_post_title_height":0,"ocean_post_title_bg_overlay":0.5,"ocean_post_title_bg_overlay_color":"","ocean_disable_breadcrumbs":"default","ocean_breadcrumbs_color":"","ocean_breadcrumbs_separator_color":"","ocean_breadcrumbs_links_color":"","ocean_breadcrumbs_links_hover_color":"","ocean_display_footer_widgets":"off","ocean_display_footer_bottom":"off","ocean_custom_footer_template":"","footnotes":""},"class_list":["post-3660","page","type-page","status-publish","hentry","entry"],"_links":{"self":[{"href":"https:\/\/he-stil.de\/index.php?rest_route=\/wp\/v2\/pages\/3660","targetHints":{"allow":["GET"]}}],"collection":[{"href":"https:\/\/he-stil.de\/index.php?rest_route=\/wp\/v2\/pages"}],"about":[{"href":"https:\/\/he-stil.de\/index.php?rest_route=\/wp\/v2\/types\/page"}],"author":[{"embeddable":true,"href":"https:\/\/he-stil.de\/index.php?rest_route=\/wp\/v2\/users\/1"}],"replies":[{"embeddable":true,"href":"https:\/\/he-stil.de\/index.php?rest_route=%2Fwp%2Fv2%2Fcomments&post=3660"}],"version-history":[{"count":25,"href":"https:\/\/he-stil.de\/index.php?rest_route=\/wp\/v2\/pages\/3660\/revisions"}],"predecessor-version":[{"id":3929,"href":"https:\/\/he-stil.de\/index.php?rest_route=\/wp\/v2\/pages\/3660\/revisions\/3929"}],"wp:attachment":[{"href":"https:\/\/he-stil.de\/index.php?rest_route=%2Fwp%2Fv2%2Fmedia&parent=3660"}],"curies":[{"name":"wp","href":"https:\/\/api.w.org\/{rel}","templated":true}]}}