{"id":213,"date":"2024-07-21T09:18:10","date_gmt":"2024-07-21T09:18:10","guid":{"rendered":"https:\/\/he-stil.de\/?page_id=213"},"modified":"2025-01-07T08:33:06","modified_gmt":"2025-01-07T08:33:06","slug":"kontakt","status":"publish","type":"page","link":"https:\/\/he-stil.de\/?page_id=213","title":{"rendered":"He-Stil fr\u00fcher"},"content":{"rendered":"\t\t<div data-elementor-type=\"wp-page\" data-elementor-id=\"213\" class=\"elementor elementor-213\" data-elementor-post-type=\"page\">\n\t\t\t\t<div class=\"elementor-element elementor-element-3a7b581 e-flex e-con-boxed e-con e-parent\" data-id=\"3a7b581\" data-element_type=\"container\" data-e-type=\"container\">\n\t\t\t\t\t<div class=\"e-con-inner\">\n\t\t\t\t<div class=\"elementor-element elementor-element-6761d62 elementor-widget elementor-widget-heading\" data-id=\"6761d62\" data-element_type=\"widget\" data-e-type=\"widget\" data-widget_type=\"heading.default\">\n\t\t\t\t<div class=\"elementor-widget-container\">\n\t\t\t\t\t<h2 class=\"elementor-heading-title elementor-size-default\">He-Stil fr\u00fcher<\/h2>\t\t\t\t<\/div>\n\t\t\t\t<\/div>\n\t\t\t\t<div class=\"elementor-element elementor-element-28ef675 elementor-widget elementor-widget-text-editor\" data-id=\"28ef675\" data-element_type=\"widget\" data-e-type=\"widget\" data-widget_type=\"text-editor.default\">\n\t\t\t\t<div class=\"elementor-widget-container\">\n\t\t\t\t\t\t\t\t\t<p>Die Geschichte des Taijiquan begann im 12. Jahrhundert mit dem daoistischen M\u00f6nch von Wudan, Zhang Sanfeng und wird, \u00fcber Generationen hinweg und sich in 6 verschiedene Stile verzweigend, bis heute praktiziert, gelehrt und weitergegeben.<br \/>Die hier zu sehende Generationentafel erm\u00f6glicht eine strukturierte Gesamt\u00fcbersicht dieser Entwicklung.<\/p>\t\t\t\t\t\t\t\t<\/div>\n\t\t\t\t<\/div>\n\t\t\t\t<div class=\"elementor-element elementor-element-c53f7eb elementor-widget elementor-widget-image\" data-id=\"c53f7eb\" data-element_type=\"widget\" data-e-type=\"widget\" data-widget_type=\"image.default\">\n\t\t\t\t<div class=\"elementor-widget-container\">\n\t\t\t\t\t\t\t\t\t\t\t\t\t\t\t<img fetchpriority=\"high\" decoding=\"async\" width=\"2048\" height=\"1448\" src=\"https:\/\/he-stil.de\/wp-content\/uploads\/2024\/10\/Taiji-Geschichte01_00-2048x1448.jpg\" class=\"attachment-2048x2048 size-2048x2048 wp-image-2010\" alt=\"\" srcset=\"https:\/\/he-stil.de\/wp-content\/uploads\/2024\/10\/Taiji-Geschichte01_00-2048x1448.jpg 2048w, https:\/\/he-stil.de\/wp-content\/uploads\/2024\/10\/Taiji-Geschichte01_00-300x212.jpg 300w, https:\/\/he-stil.de\/wp-content\/uploads\/2024\/10\/Taiji-Geschichte01_00-1024x724.jpg 1024w, https:\/\/he-stil.de\/wp-content\/uploads\/2024\/10\/Taiji-Geschichte01_00-768x543.jpg 768w, https:\/\/he-stil.de\/wp-content\/uploads\/2024\/10\/Taiji-Geschichte01_00-1536x1086.jpg 1536w\" sizes=\"(max-width: 2048px) 100vw, 2048px\" \/>\t\t\t\t\t\t\t\t\t\t\t\t\t\t\t<\/div>\n\t\t\t\t<\/div>\n\t\t\t\t\t<\/div>\n\t\t\t\t<\/div>\n\t\t<div class=\"elementor-element elementor-element-aec243d e-flex e-con-boxed e-con e-parent\" data-id=\"aec243d\" data-element_type=\"container\" data-e-type=\"container\">\n\t\t\t\t\t<div class=\"e-con-inner\">\n\t\t<div class=\"elementor-element elementor-element-96c6a05 e-con-full e-flex e-con e-child\" data-id=\"96c6a05\" data-element_type=\"container\" data-e-type=\"container\">\n\t\t\t\t<div class=\"elementor-element elementor-element-bcedacb elementor-widget elementor-widget-image\" data-id=\"bcedacb\" data-element_type=\"widget\" data-e-type=\"widget\" data-widget_type=\"image.default\">\n\t\t\t\t<div class=\"elementor-widget-container\">\n\t\t\t\t\t\t\t\t\t\t\t\t\t\t\t<img decoding=\"async\" width=\"1183\" height=\"1393\" src=\"https:\/\/he-stil.de\/wp-content\/uploads\/2024\/09\/IMG_8790.jpeg\" class=\"attachment-1536x1536 size-1536x1536 wp-image-1535\" alt=\"\" srcset=\"https:\/\/he-stil.de\/wp-content\/uploads\/2024\/09\/IMG_8790.jpeg 1183w, https:\/\/he-stil.de\/wp-content\/uploads\/2024\/09\/IMG_8790-255x300.jpeg 255w, https:\/\/he-stil.de\/wp-content\/uploads\/2024\/09\/IMG_8790-870x1024.jpeg 870w, https:\/\/he-stil.de\/wp-content\/uploads\/2024\/09\/IMG_8790-768x904.jpeg 768w\" sizes=\"(max-width: 1183px) 100vw, 1183px\" \/>\t\t\t\t\t\t\t\t\t\t\t\t\t\t\t<\/div>\n\t\t\t\t<\/div>\n\t\t\t\t<\/div>\n\t\t<div class=\"elementor-element elementor-element-9151795 e-con-full e-flex e-con e-child\" data-id=\"9151795\" data-element_type=\"container\" data-e-type=\"container\">\n\t\t\t\t<div class=\"elementor-element elementor-element-3961d64 elementor-widget elementor-widget-text-editor\" data-id=\"3961d64\" data-element_type=\"widget\" data-e-type=\"widget\" data-widget_type=\"text-editor.default\">\n\t\t\t\t<div class=\"elementor-widget-container\">\n\t\t\t\t\t\t\t\t\t<p>Entsprechend der Tradition der chinesischen Kampfk\u00fcnste wurde die Kunst des Taijiquan im 18. Jahrhundert nur innerhalb der eigenen Familie und ausschlie\u00dflich in m\u00e4nnlicher Nachfolge weitergegeben. Damit stellte man sicher, dass Wissen, Kontrolle und Potential im Einflussbereich der Familie verblieb.<\/p><p>Die Familie H\u00e9, aus der Stadt Zhaobao, einer Gro\u00dfgemeinde in der chinesischen Provinz Henan, praktizierte bereits damals die traditionelle chinesische Medizin (TCM).<br \/>\u00dcber Generationen hinweg entstand der heute innerhalb der chinesischen Kampfkunst praktizierte He-Stil, auch Zhaobao-Taijiquan genannt.<\/p><p>H\u00e9 Zh\u00e1oyu\u00e1n (1810 \u2013 1890), Meister in der 8. Generation des Zhaobao Taijiquan, lernte, praktizierte und lehrte seit seiner fr\u00fchesten Kindheit und pr\u00e4gte ma\u00dfgebend die Entstehung der harmonisch einzigartigen He-Taijiquan-Formen.<\/p><p>Die konservative Einstellung, das Wissen dieser Kampfkunst ausschlie\u00dflich in der Dorfgemeinschaft und in direkter Abstammungslinie weiterzugeben, endete um 1930. <br \/>Die Zhao Bao Taiji-Gro\u00dfmeister Zheng Wuqing (1895\u20131984) und Zheng Boying (1906\u20131961) \u00f6ffneten die He-Taiji-Kunst einer breiten \u00d6ffentlichkeit. Sie gaben das Erbe weiter und schufen damit die Grundlage f\u00fcr Forschung und Bewahrung der gro\u00dfen Mengen an Informationen \u00fcber Kampftheorie, Kampfkunst und Kampftechnik des He-Stils.<\/p>\t\t\t\t\t\t\t\t<\/div>\n\t\t\t\t<\/div>\n\t\t\t\t<\/div>\n\t\t\t\t\t<\/div>\n\t\t\t\t<\/div>\n\t\t\t\t<\/div>\n\t\t","protected":false},"excerpt":{"rendered":"<p>He-Stil fr\u00fcher Die Geschichte des Taijiquan begann im 12. Jahrhundert mit dem daoistischen M\u00f6nch von Wudan, Zhang Sanfeng und wird, \u00fcber Generationen hinweg und sich in 6 verschiedene Stile verzweigend, bis heute praktiziert, gelehrt und weitergegeben.Die hier zu sehende Generationentafel erm\u00f6glicht eine strukturierte Gesamt\u00fcbersicht dieser Entwicklung. Entsprechend der Tradition der chinesischen Kampfk\u00fcnste wurde die Kunst [&hellip;]<\/p>\n","protected":false},"author":1,"featured_media":0,"parent":0,"menu_order":0,"comment_status":"closed","ping_status":"closed","template":"","meta":{"ocean_post_layout":"full-screen","ocean_both_sidebars_style":"","ocean_both_sidebars_content_width":0,"ocean_both_sidebars_sidebars_width":0,"ocean_sidebar":"","ocean_second_sidebar":"","ocean_disable_margins":"enable","ocean_add_body_class":"","ocean_shortcode_before_top_bar":"","ocean_shortcode_after_top_bar":"","ocean_shortcode_before_header":"","ocean_shortcode_after_header":"","ocean_has_shortcode":"","ocean_shortcode_after_title":"","ocean_shortcode_before_footer_widgets":"","ocean_shortcode_after_footer_widgets":"","ocean_shortcode_before_footer_bottom":"","ocean_shortcode_after_footer_bottom":"","ocean_display_top_bar":"off","ocean_display_header":"default","ocean_header_style":"","ocean_center_header_left_menu":"","ocean_custom_header_template":"","ocean_custom_logo":0,"ocean_custom_retina_logo":0,"ocean_custom_logo_max_width":0,"ocean_custom_logo_tablet_max_width":0,"ocean_custom_logo_mobile_max_width":0,"ocean_custom_logo_max_height":0,"ocean_custom_logo_tablet_max_height":0,"ocean_custom_logo_mobile_max_height":0,"ocean_header_custom_menu":"","ocean_menu_typo_font_family":"","ocean_menu_typo_font_subset":"","ocean_menu_typo_font_size":0,"ocean_menu_typo_font_size_tablet":0,"ocean_menu_typo_font_size_mobile":0,"ocean_menu_typo_font_size_unit":"px","ocean_menu_typo_font_weight":"","ocean_menu_typo_font_weight_tablet":"","ocean_menu_typo_font_weight_mobile":"","ocean_menu_typo_transform":"","ocean_menu_typo_transform_tablet":"","ocean_menu_typo_transform_mobile":"","ocean_menu_typo_line_height":0,"ocean_menu_typo_line_height_tablet":0,"ocean_menu_typo_line_height_mobile":0,"ocean_menu_typo_line_height_unit":"","ocean_menu_typo_spacing":0,"ocean_menu_typo_spacing_tablet":0,"ocean_menu_typo_spacing_mobile":0,"ocean_menu_typo_spacing_unit":"","ocean_menu_link_color":"","ocean_menu_link_color_hover":"","ocean_menu_link_color_active":"","ocean_menu_link_background":"","ocean_menu_link_hover_background":"","ocean_menu_link_active_background":"","ocean_menu_social_links_bg":"","ocean_menu_social_hover_links_bg":"","ocean_menu_social_links_color":"","ocean_menu_social_hover_links_color":"","ocean_disable_title":"on","ocean_disable_heading":"default","ocean_post_title":"","ocean_post_subheading":"","ocean_post_title_style":"","ocean_post_title_background_color":"","ocean_post_title_background":0,"ocean_post_title_bg_image_position":"","ocean_post_title_bg_image_attachment":"","ocean_post_title_bg_image_repeat":"","ocean_post_title_bg_image_size":"","ocean_post_title_height":0,"ocean_post_title_bg_overlay":0.5,"ocean_post_title_bg_overlay_color":"","ocean_disable_breadcrumbs":"default","ocean_breadcrumbs_color":"","ocean_breadcrumbs_separator_color":"","ocean_breadcrumbs_links_color":"","ocean_breadcrumbs_links_hover_color":"","ocean_display_footer_widgets":"off","ocean_display_footer_bottom":"off","ocean_custom_footer_template":"","footnotes":""},"class_list":["post-213","page","type-page","status-publish","hentry","entry"],"_links":{"self":[{"href":"https:\/\/he-stil.de\/index.php?rest_route=\/wp\/v2\/pages\/213","targetHints":{"allow":["GET"]}}],"collection":[{"href":"https:\/\/he-stil.de\/index.php?rest_route=\/wp\/v2\/pages"}],"about":[{"href":"https:\/\/he-stil.de\/index.php?rest_route=\/wp\/v2\/types\/page"}],"author":[{"embeddable":true,"href":"https:\/\/he-stil.de\/index.php?rest_route=\/wp\/v2\/users\/1"}],"replies":[{"embeddable":true,"href":"https:\/\/he-stil.de\/index.php?rest_route=%2Fwp%2Fv2%2Fcomments&post=213"}],"version-history":[{"count":61,"href":"https:\/\/he-stil.de\/index.php?rest_route=\/wp\/v2\/pages\/213\/revisions"}],"predecessor-version":[{"id":2866,"href":"https:\/\/he-stil.de\/index.php?rest_route=\/wp\/v2\/pages\/213\/revisions\/2866"}],"wp:attachment":[{"href":"https:\/\/he-stil.de\/index.php?rest_route=%2Fwp%2Fv2%2Fmedia&parent=213"}],"curies":[{"name":"wp","href":"https:\/\/api.w.org\/{rel}","templated":true}]}}